 10/20 + 7081/2 - 20/10?
3539
Suppose -a + 7891 = 5*x, 0 = -5*a + 3*a - 3*x + 15782. List the prime factors of a.
13, 607
Suppose -b + r - 13 = -0*r, 75 = -5*b + 3*r. What are the prime factors of (-4 + 136)/(b/(-24))?
2, 11
Let s(f) = f**3 + 2*f**2 - 4*f - 9. Let x be 8 - (3 - 7 - -7). List the prime factors of s(x).
2, 73
Suppose 0 = -2*p - a + 12393, -59*p - 4*a - 24816 = -63*p. What are the prime factors of p?
6199
Let d(g) = 45 - 20 + 34*g - 22 + 69*g + 4*g. List the prime factors of d(9).
2, 3, 7, 23
List the prime factors of ((-3 - 2) + -802)*-17.
3, 17, 269
Let f = -24363 - -90149. What are the prime factors of f?
2, 7, 37, 127
Suppose 5*p + 5*k = 16945, 4*k - 8539 - 1622 = -3*p. What are the prime factors of p?
5, 7, 97
Let i be -2*(-1)/(3/(-93)). Let l = -66 - i. List the prime factors of 18/(-1)*(38/l + 4).
3, 11
Suppose n + 23*n = 72. List the prime factors of -22 + 400 + 1*n.
3, 127
Suppose -2*h + 5*c = -26376, -5*h - 56*c + 65871 = -57*c. What are the prime factors of h?
3, 4391
Let v(o) = -3*o - 11. Let i be v(-5). Suppose i*p + 18 = -5*p. List the prime factors of 2/(-13) - (-5140)/(-65)*p.
2, 79
Let o(h) be the second derivative of 5*h**3 + 341*h**2/2 + 225*h. What are the prime factors of o(35)?
13, 107
Suppose 103*w - 3315307 = 37*w - 47*w. What are the prime factors of w?
29339
Suppose -4*q - 31 = -5*r, -5*q = r - 0 + 17. Suppose 4*i = -r*j + 6*j - 458, -604 = -4*j + 2*i. What are the prime factors of j?
2, 3, 5
List the prime factors of (-67 - -31)*(-1)/(-4) + 1214.
5, 241
Let b(d) = 63*d**3 + 2*d**2 + 2*d - 2. Let t be b(2). Let z be (2/(-1) - 214) + 20 + (-115)/5. Let i = t + z. What are the prime factors of i?
5, 59
Let h(l) = 2*l**3 + 9*l**2 + 10*l - 7. Let m be h(-5). Let f = 21 - m. List the prime factors of f.
103
Let c be 1369 + (6/9)/(4/(-24)). Let i = -930 + c. List the prime factors of i.
3, 5, 29
Let p be (-2800)/24 - (-4)/(-12) - 4. Let l = 199 + p. List the prime factors of l.
2, 3, 13
Suppose h = 6*h + 25. Let q be (16/h - -4)/((-1)/5). What are the prime factors of (-41 - 5)*6/q?
3, 23
Suppose -16*p - 7199 + 72663 = -54008. What are the prime factors of p?
3, 19, 131
Suppose 0 = 6*a - 3858 + 3852. Suppose 3*f = 5*f + 18. List the prime factors of 163/a - (11 + f).
7, 23
Let o(i) = 3*i**2 - 4*i + 2. Let l be (1 + 27)*(-1)/2. Let t be (-11)/(-2) + 7/l. List the prime factors of o(t).
3, 19
Suppose -4*z + 271447 = -5*w, -2*z = 736*w - 732*w - 135756. List the prime factors of z.
2, 19, 47
Let i(f) = 674*f**2 + 9*f - 31. What are the prime factors of i(3)?
2, 7, 433
Let u(w) = -2*w**3 - w**2 - w + 110. Let c(t) = -7*t - 23. Let r(v) = 6*v + 22. Let g(x) = 5*c(x) + 6*r(x). Let j be g(-17). List the prime factors of u(j).
2, 5, 11
Let k(c) = c**2 + 44*c + 45. Let a be k(-39). List the prime factors of (-9583)/(-13) + a/975.
11, 67
Let z be 1 - 3/6*10. Let q(j) be the third derivative of j**4/24 + 7*j**3/6 - 136*j**2. What are the prime factors of q(z)?
3
Suppose 233*h + 47320 = 241*h. What are the prime factors of h?
5, 7, 13
Suppose -946*w = q - 944*w - 444, -5*w = 10. List the prime factors of q.
2, 7
Let b be 290/(-75) - (-3 + (-94)/(-30)). Let p be (35/7 + -1)*(-606)/b. Let t = p - 318. List the prime factors of t.
2, 3
Suppose 3*d + m - 8600 = 0, -6*m - 1058 = 2*d - 6834. What are the prime factors of d?
2, 179
Let p = 51 + 46. Let z = p + -89. What are the prime factors of z?
2
Let w = 2492 + -2486. Let l(b) = 4 - 2 - 4 + 9*b**2 - b**3 - 4*b. List the prime factors of l(w).
2, 41
Suppose 2*x = -2*a + 73114, 247*a - 246*a + 6 = 0. What are the prime factors of x?
36563
Let r(d) = 17838*d**3 + 2*d**2 - 15*d + 13. Let v be r(1). What are the prime factors of v/15 - (-104)/130?
2, 5, 7, 17
Suppose -109*d - 2 = -110*d. Suppose -3*q + 5*y + 1482 = d*y, 3*q + y = 1498. List the prime factors of q.
2, 3, 83
Suppose -4*o - 14 - 10 = -2*l, -4*l = o + 6. Let z(d) = d**3 + 6*d**2 - d. Let x be z(o). What are the prime factors of 57 + x + (0 - 0)?
3, 7
Suppose 4*w - 13728 = -4*s, -9*s = 5*w - 8*s - 17156. What are the prime factors of w?
47, 73
Let c = 163080 + -112602. What are the prime factors of c?
2, 3, 47, 179
Let s(y) = 3*y**2 + 12*y + 11. Let m be s(-4). What are the prime factors of -1 - -1114 - (11/m + 1)?
11, 101
Let g(o) = -7*o**3 + 46*o**2 + 53*o + 301. What are the prime factors of g(-19)?
63913
Let t be (-1 - (-1)/(-2))*312/(-36). Suppose 3*p = -t*p + 4336. What are the prime factors of p?
271
List the prime factors of (32 - (5 + -1))*(-4566)/(-12).
2, 7, 761
Suppose 0 = -25*r + 29*r - 4. What are the prime factors of (2 - 269)/(-3) - r?
2, 11
Let i = 39 + -35. Suppose 30 = -4*k + 46. Suppose -5*z - 74 - 421 = -i*g, -5*g + k*z = -621. What are the prime factors of g?
5
Let j be ((-3)/2)/(-5 + (-34)/(-8)). Suppose 38 - 58 = -j*f. What are the prime factors of 5/f*-10 + 165?
2, 5
Suppose 0 = 5*n - 23 - 32. Let z(l) = -l + 14. Let y be z(n). Suppose 4*q - a - 159 = 2*q, -y*q + 235 = 2*a. List the prime factors of q.
79
Let x(l) = -1. Let j(p) = 15*p + 17. Let u(r) = -j(r) + 5*x(r). Suppose -3*g = -4*m + 29, -g + 0*g + 2*m - 11 = 0. What are the prime factors of u(g)?
83
Suppose 5*p - 29 + 4 = 0. Suppose -r = 4*z + 16, -p*z - 3 = -2*r - r. Let l(b) = -2*b**3 + 7*b - 1. List the prime factors of l(z).
2
Suppose -28*k + 808867 = 5*k - 841595. List the prime factors of k.
2, 17, 1471
Suppose -4*b = 2*l - 634, 0 = -l + 4*b - 2*b + 333. Let r = l - -39. Suppose -3*u = -u - r. What are the prime factors of u?
2, 7, 13
Let m be (-1 - 1*-1) + 12. Let t = -2185 - -2341. Suppose m*k = 15*k - t. What are the prime factors of k?
2, 13
Let i = -799 - -1132. Suppose -i = 28*o - 2853. What are the prime factors of o?
2, 3, 5
Suppose -3*z - 3*y = -4272, -4*z + 5*y - 5699 = -8*z. Suppose 51*w - z = 44*w. List the prime factors of w.
7, 29
Let v = 408 + 7877. What are the prime factors of v?
5, 1657
Let c = 339 + -874. Let v = 968 + c. List the prime factors of v.
433
Let c = 15619 - 8045. List the prime factors of c.
2, 7, 541
List the prime factors of (5716 - 0)/(616/2156).
2, 7, 1429
Let v(m) = -m**2 - 14*m - 19. Let c be v(-2). Suppose -4*o + c*k = -3127, 2337 = 3*o + 2*k - 3*k. What are the prime factors of o?
2, 389
Suppose -154*q - 62127 + 2030988 = 118089. What are the prime factors of q?
2, 3, 2003
Let i = -222 - -224. List the prime factors of (102 - 45)/((i/(-3))/(-2)).
3, 19
Let k = 1264 + -4. Suppose 49*c + k = 53*c. What are the prime factors of c?
3, 5, 7
Let t = -53885 + 88713. List the prime factors of t.
2, 8707
Let s = 178 + -176. Suppose -k + 3*g - g + 427 = 0, -s*g + 1257 = 3*k. List the prime factors of k.
421
What are the prime factors of ((11/1)/((-4)/(-6)))/((-28)/(-28168))?
3, 11, 503
Suppose t + 37 = 5*t + 5*s, 3*t - 3*s + 6 = 0. What are the prime factors of t/(-6) + (-1935)/(-10)?
193
Let s = 69 + -51. Let f = -17 + s. List the prime factors of 64 - (5 - 1/f).
2, 3, 5
Let t(v) = -2*v**2 - 3*v + 11. Let l = 63 + -69. Let a(i) = -i**2 - 2*i + 6. Let y(g) = l*t(g) + 11*a(g). What are the prime factors of y(-7)?
7, 11
Let j = 546 + -546. Suppose -4*h - l - l + 6002 = j, -5 = l. List the prime factors of h.
3, 167
Suppose -101*g + 8412516 = 61*g + 66*g. List the prime factors of g.
3, 7, 251
What are the prime factors of -15021*((-52)/24 + (-3)/(-2))?
2, 3, 1669
Let h = 51855 - 19682. What are the prime factors of h?
32173
Let w(v) = -7*v**2 - v - 16. Let m be w(4). Let k = m + 717. What are the prime factors of k?
3, 5, 13
Let j be (-8)/7 + (12/(-14) - -1). Let z be (8/(-16))/(j/454). Let w = z - 86. What are the prime factors of w?
3, 47
Let c = 112 - 265. Let r = 298 + c. List the prime factors of r.
5, 29
Suppose 2*t = -3*t + 35. Let d = 5 + t. Let l(i) = i**3 - 12*i**2 + 5*i + 14. What are the prime factors of l(d)?
2, 37
Let i(r) = -3*r**3 - 2*r**2 + 3*r + 2. Suppose -2*h + 3 = 69. Let z = 31 + h. List the prime factors of i(z).
2, 3
Let a = 32625 - 16159. What are the prime factors of a?
2, 8233
Suppose -2*x = 3*i - 299 + 2, -5*x - 3*i + 756 = 0. Suppose 0 = -j + 127 + x. List the prime factors of j.
2, 5, 7
Let p(x) = x**2 + 13*x + 9. Let o be p(-12). Let u be 2 + 2/((-2)/o). Suppose u*h + 65 = -0*n + 4*n, h = -4*n + 59. What are the prime factors of n?
3, 5
Suppose -13*s + 295830 - 47348 =